ose -w*f + 11 = -37. What is the tens digit of f?
1
Suppose 5*n + 3*r - 17141 = 0, 49*n = 45*n - 5*r + 13718. What is the thousands digit of n?
3
Suppose -4*d - 1898 = -6*d. Suppose -8*v + d = 5*v. What is the units digit of v?
3
Suppose -36 = -6*h - 264. Let c = h + 115. What is the units digit of c?
7
What is the hundreds digit of (-3)/(-6) + (-43128)/(-16)?
6
Suppose -37*h = -28*h - 21321. What is the thousands digit of h?
2
Let z = 16 - 17. Let x(a) = 140*a**2 - a - 1. Let w be x(z). Suppose -5*b + k + w = 0, -5*b - k + 165 = 3*k. What is the units digit of b?
9
Let p = 77 - 49. Suppose -k + p = -4*b, -2*b - 77 = -3*k + 3*b. What is the units digit of k?
4
Let c = -879 + 2083. Suppose 0 = 9*p - c - 578. What is the units digit of p?
8
Let h(w) = 4 + 0 + 2 + w. Let u be h(-6). Let p = 1 - u. What is the units digit of p?
1
Let a(v) = -v**3 + 6*v**2 - 2*v - 5. Let p be a(5). Let z(n) be the second derivative of n**3/6 + 3*n**2 + 19*n. What is the units digit of z(p)?
6
Suppose 34*b - 30*b + 24 = 0. What is the units digit of (-5 - b - -2) + 283?
6
Let g(l) = -2*l**3 - 10*l**2 - 35*l - 47. What is the hundreds digit of g(-9)?
9
What is the units digit of (-6 - 10/5) + 943?
5
Let i(o) = -o**3 - 1. Let h be i(2). Let v(a) = 3*a**2 + 18*a + 9. What is the units digit of v(h)?
0
Let c(g) be the third derivative of g**5/60 - g**4/12 - g**3/2 - 18*g**2. Suppose -4*u - 26 = -4*p - 2*u, -5*p + 22 = u. What is the units digit of c(p)?
2
Suppose -2*y + 92 = 5*b, 0 = -4*y + y - 5*b + 143. What is the units digit of y?
1
Let p be (2 - 3 - -16) + -3. Let u = p - 7. Suppose 0 = u*s - 43 + 13. What is the units digit of s?
6
Let j(a) be the third derivative of a**5/60 - a**4/8 - a**3/3 + 8*a**2. Let f be j(4). Suppose 0 = 2*w - 18 - f. What is the tens digit of w?
1
Let f(n) = 148*n - 104. What is the hundreds digit of f(6)?
7
Let n(t) = -18*t**3 + 10 + 7*t**2 - 14*t**3 + 33*t**3. Let b be n(-7). What is the units digit of 12/(-2)*(-15)/b?
9
Suppose 505 = -4*l - 47. Let r = -34 - l. What is the units digit of r?
4
Let d = -420 + 853. What is the tens digit of d?
3
Suppose 0 = -w - 4, -2*w - 335 - 2568 = -3*d. What is the units digit of d?
5
Suppose 3*a + 2*r - 3435 = 0, -69*a + 3*r + 1145 = -68*a. What is the units digit of a?
5
Let o = 14 - 11. Suppose -3*a - 9 = o. Let h(u) = -3*u - 3. What is the units digit of h(a)?
9
Suppose -17*q = 664 - 16984. What is the hundreds digit of q?
9
Let s(q) be the first derivative of -q**4/4 - 8*q**3/3 - 4*q**2 - 5*q + 4. What is the units digit of s(-7)?
2
Let f(u) = -u**2 - 2*u + 2. Let i be f(0). Suppose 0*w - 187 = -5*k - w, i*w = -4*k + 146. Let d = 75 - k. What is the units digit of d?
7
Let o(f) = -f**3 + 13*f**2 - 5*f - 1. What is the hundreds digit of o(11)?
1
Let m(b) = b**3 + 15*b**2 - 14*b - 5. Let k be (5/(-10))/(1/32). Let z be m(k). Let y = z + 54. What is the tens digit of y?
1
Suppose 3*w + 2*p = 395, 4*w + 3*p - 463 - 65 = 0. What is the hundreds digit of w?
1
Let n = 3 + 1. Suppose -631 = -3*r + i, -5*r + 7*r - n*i - 424 = 0. What is the units digit of r?
0
Suppose 0 = i + 6 - 1. Let s = i + 9. Suppose s*g - 46 = 2*z, 2*g - 5*z = -2*g + 49. What is the units digit of g?
1
Let q = 2712 + -1505. What is the units digit of q?
7
Let m be (-45)/(3*2/(-42)). Suppose 4*w - 5*w = 5, 5*j - 4*w = m. Suppose 5*h = 2*n + j, -3*n - 9 = -5*h + 47. What is the units digit of h?
3
Let d(p) be the third derivative of p**4/24 - 11*p**3/6 - 5*p**2. Let c be d(6). Let w = c - -13. What is the units digit of w?
8
Let a = 15 - 12. Suppose 3*r - 4*q = -0*r - 51, a*q = -4*r - 93. Let f = r + 29. What is the units digit of f?
8
Suppose 6*i + 4*n = 2*i + 32, -5*i = -5*n. Suppose -2*w + 64 = -i*m, 5*w - 3*m + 2*m = 160. What is the tens digit of w?
3
Suppose 0 = 5*j - 6*p + p - 5, 0 = 4*j - 3*p - 3. Suppose 2*u = 4*h - 166, j = 4*h - 2*u - u - 165. Suppose h = 5*i - 3. What is the units digit of i?
9
Let k be 7 - 5 - -2 - -85*7. Let i = k - 416. What is the tens digit of i?
8
Suppose -105*v + 122*v = 38046. What is the thousands digit of v?
2
What is the hundreds digit of (3 - 1)*52944/96?
1
Let h = 65 + -61. Suppose h = 4*k, -2*g + 7*g - 605 = -5*k. What is the units digit of g?
0
Let m(c) = -c**3 - 4*c**2 + 8*c + 11. Let z be m(-5). Let t = 28 + z. What is the units digit of 0 + t - 1/1?
3
Suppose -2666 = -3*p + 3*v - 215, v - 1643 = -2*p. Suppose -3*r = -4*m - p, 2*m - 5 = 5. Suppose -4*k + r = 4*t - t, 5*t = 0. What is the tens digit of k?
7
Let o(a) = 3*a + 19*a**2 + 22*a**3 - 14*a**3 - 9*a**3 - 35. What is the units digit of o(19)?
2
Suppose -y + 4*a = -30 - 1, -2*a = 4. Let z = 10 + y. What is the units digit of z?
3
Suppose 0 = 6*k - 9*k - 21. What is the tens digit of (k/(-21))/((-1)/9) + 108?
0
Let s = -147 - -330. Let k = s - 54. What is the units digit of k?
9
What is the tens digit of (-327)/1*(24 + -25)?
2
Let a = -25 + 20. Let g = -10 - a. Let b(p) = p + 8. What is the units digit of b(g)?
3
Suppose 5*b = -4*k + 18212, 185*b = 187*b - 5*k - 7265. What is the units digit of b?
0
Let v(k) be the third derivative of -k**4/4 + 19*k**3/6 + 14*k**2. What is the tens digit of v(-8)?
6
Suppose 5*x = -3*s + 5, 2*s = -4*x + 4*s + 4. Let q be (8 - 3) + (-2 - x). Suppose -2*l + y + 2 = 0, -y - q*y + 4 = 4*l. What is the units digit of l?
1
Suppose -4 = 3*r + a, r - 7*a + 3*a = 3. Let k(j) = -33*j - 4. What is the units digit of k(r)?
9
Let h be (-2)/(-5) - (0 + 1973/(-5)). Let x = -235 + h. What is the tens digit of x?
6
Let l(i) = i**3 + 8*i**2 - i - 10. Let n be l(-8). Let d be (-27)/9 - 6/n. What is the units digit of (d - -3) + 5 - 1?
7
Let i = -20 - -7. Let w = i + 12. What is the units digit of 25 - w - (4 - 2)?
4
Suppose q + 140 = -l - 3*q, -4 = 4*q. Let u = 44 - l. What is the units digit of u?
0
Let d be (2/5)/((-3)/4740*-1). Suppose -b = -5*b + d. What is the units digit of b?
8
Let w be -1 + (-109 + -3 - -1). Let a = w - -18. Let v = -67 - a. What is the units digit of v?
7
Let g = -226 + 351. Suppose 4*w + g = z + 3*w, -4*z = -3*w - 501. What is the tens digit of z?
2
Let s(z) = -z + 0*z - z**2 + 0*z**2 + 2 + 0*z. Let y be s(0). Suppose -2 = c, -d = c + y*c - 8. What is the tens digit of d?
1
Let d be (0 + 3 + -3)/(-1). Suppose 5*u + 4*l + 0*l = 4, 2*u - 5*l - 28 = d. Suppose 21 = 5*q - u. What is the units digit of q?
5
Suppose w - 5 = -4. Let q = w - 2. Let p(f) = -42*f. What is the tens digit of p(q)?
4
Suppose -18644 = -16*o + 3356. Suppose -4*y - 1366 = -5*c, y - o = -5*c - 4*y. What is the tens digit of c?
7
Suppose -5*d = -25, 2 - 369 = -p + d. What is the tens digit of p?
7
Let o(d) be the second derivative of 7/2*d**2 + 0 - 8*d + 5/3*d**3. What is the units digit of o(2)?
7
Let s(q) = 207*q + 1. What is the units digit of s(3)?
2
Let w = 202 - 199. Let j(d) be the first derivative of d**4/4 + d**3 + 2*d**2 - d + 1. What is the tens digit of j(w)?
6
Suppose 0*q = 4*q - 5*z + 788, 5*q + 976 = 4*z. What is the units digit of (q/(-60))/(1/60)?
2
Suppose 43 = 3*j + 3*p - 5*p, -5*j = -p - 60. What is the hundreds digit of (2/(-4))/(j/(-3322))*1?
1
Suppose -8*s + 3*s - 80 = 0. Let i be 6408/s + (-2)/(-4). What is the tens digit of 2/6 + i/(-15)?
2
Suppose 3*q - 10*f - 886 = -12*f, -2*q = 3*f - 589. What is the units digit of q?
6
Let t be (-2)/((-16)/534) + 17/68. Suppose -t*m + 65*m + 218 = 0. What is the units digit of m?
9
Suppose 5*n - 2768 = n. What is the hundreds digit of n?
6
Suppose 0*q + 768 = 6*q. What is the units digit of q?
8
Let w(f) = 7*f**3 - 3*f**3 + 0*f - f. Let j be w(-1). What is the units digit of 6/(-18) + (-22)/j?
7
Suppose -1120 = -4*j - 0*j - 5*d, -5*d - 530 = -2*j. What is the hundreds digit of j?
2
Let a(z) = -z**2 + 1. Let d be a(-2). What is the units digit of ((-27)/(-15))/d - 153/(-5)?
0
Suppose 3*z - 3*n + 8 + 16 = 0, 5*z = -5*n - 70. Let a = z + 25. What is the units digit of a?
4
Let m be (-32)/14 + (-6)/(-21). Let b be -1*6/3 - m. Suppose s - 2*x - 28 = b, 4*s + x = 6*x + 121. What is the tens digit of s?
3
Let x = 119 + 189. Suppose -4*a + a + x = -4*s, -3 = -3*s. What is the units digit of a?
4
Let j = 1391 - 332. What is the tens digit of j?
5
Suppose 53*c - 770 = 51*c. What is the hundreds digit of c?
3
Let q(x) = x**2 - x + 26. What is the units digit of q(4)?
8
Supp